+ 21*h = 97086. Is h a prime number?
False
Suppose 19221 = 4*d + 7389. Suppose d = 2*g + 286. Let k = g + -795. Is k a composite number?
False
Is (-243)/27 - (-664045 - (3 + -6)) a composite number?
True
Let m be (4/(-6))/(3/(-27)). Let z(o) = 13*o - 3*o + 5 - 7*o + 15*o. Is z(m) a prime number?
True
Let v be (75/5)/(-5) + -1. Is 28025/65 - v/(-26) composite?
False
Let x = -375 + -78. Let j = x + 813. Let n = 1029 - j. Is n composite?
True
Let f(u) = 2*u**3 + 9*u**2 + 2*u - 9. Let i be f(-4). Is i*1*118557/(-18 - -9) composite?
True
Is ((-139433)/(-2))/(-3 - (-189)/54) prime?
False
Let s(f) be the first derivative of -f**3/3 - f**2/2 - f + 10. Let y(x) = -129*x**2 - 19*x + 26. Let k(w) = 5*s(w) - y(w). Is k(7) composite?
False
Let b(c) = -41*c + 73. Let q be b(-7). Let y = 453 - q. Is y composite?
True
Let y(i) = -2*i - 14. Let k be y(-9). Suppose -3*s - 9170 = -k*c, -3*c - c - 2*s = -9160. Is c a composite number?
True
Suppose -3*x + 9 + 105 = 0. Let a = 89 - x. Suppose a - 2565 = -6*k. Is k prime?
True
Let z(a) = 260*a + 29. Let c(y) = 6*y**2 - 7. Let p(g) = -11*g**2 - g + 13. Let l(d) = -7*c(d) - 4*p(d). Let f be l(2). Is z(f) a composite number?
True
Let m(c) = c**2 + 7*c + 12. Let r be m(-5). Let u be (136/32 + 0)/(r/376). Suppose l - 2*w = u, 0 = 3*l - 2*l + 3*w - 824. Is l prime?
True
Suppose -3*x - 7 = -34. Suppose x*h + 17 = -19. Is (16/h + 1727)*1 a prime number?
True
Let u(n) = 690*n**2 - 27*n - 67. Is u(6) prime?
True
Let c = -143 + 137. Let j be (-2)/c - 6/(-9). Is (416/1)/j - (-9)/3 composite?
False
Let x = 0 + 27. Suppose 4*h + x = 71. Suppose -1891 = -5*k - 2*j, k - 15*j + h*j - 387 = 0. Is k prime?
True
Let s(h) = -h**2 + 42*h - 275. Let o be s(7). Let f(b) = -b**3 - 28*b**2 - 7*b + 53. Is f(o) a prime number?
True
Suppose 8*a - 779384 = 42*a - 42*a. Is a a prime number?
True
Let x(u) = -12*u - 35. Let b be x(-5). Suppose b*d - 8571 = 22*d. Is d prime?
True
Let m(b) = b**3 - 8*b**2 - 30*b - 4. Let w be 1/((32/60)/8) - 0. Is m(w) a composite number?
True
Suppose -359*k = 3*p - 360*k - 4027473, 2*p = -5*k + 2684948. Is p prime?
True
Suppose 0 = -5*a + 4*o - 8, -5*a - 7 = -3*o + 4. Let g be 0 - 1 - (-1 + a). Suppose -2856 = -g*t - 4*n, n - 5*n = -3*t + 2177. Is t a composite number?
False
Suppose -10*n + 5849 = 1949. Let t = n - 97. Is t prime?
True
Suppose -5*u = -420 + 410. Suppose 23*x - u*x = 452361. Is x prime?
False
Suppose -406*b = -398*b - 1163176. Is b prime?
False
Is 675562*((-195)/(-26))/15 prime?
True
Suppose 160 = 12*k + 100. Suppose -1 = -3*t - 13, 2*a + k*t = 7642. Is a prime?
False
Suppose 18*k = 750 + 384. Is (-2)/(-9) + 563269/k a prime number?
True
Let p(x) = x**2 + 52*x - 1359. Let z be p(19). Let w = 250 - 174. Is 3/(-2)*(z - -8) + w prime?
True
Let b = 13193 - 7400. Suppose -60*q - b = -63*q. Is q prime?
True
Suppose -117 = -3*s + 108. Suppose 0 = 70*z - s*z + 15545. Is z prime?
True
Let s = 18867 - -151822. Is s a prime number?
True
Let i = 4613154 - 3190897. Is i composite?
False
Let r(x) = 577*x - 4515. Is r(28) a composite number?
True
Let n(g) = 4*g - 28. Let c be n(8). Suppose -842 = -2*j + 2*i, 5*j = c*i - 0*i + 2103. Is j prime?
True
Let l(n) = -3*n**2 + 25*n + 67. Let g be l(14). Let r be (-175)/(-4) + 3/12. Let s = r - g. Is s a composite number?
True
Suppose -2*y - 2*m - 4 = 0, -10 = -3*y + 7*y + 2*m. Let q be (-3 - (0 - 6))*(-46)/y. Let p = 392 - q. Is p a composite number?
True
Let i be ((-6)/(-5)*1)/(63/210). Suppose -6*p = -i*p + u - 2720, -2*p = 4*u - 2714. Is p a composite number?
False
Let h(c) be the first derivative of 7*c**2/2 + 3637*c - 761. Suppose -3*g + 2*l - l = 2, 5*l - 10 = 5*g. Is h(g) prime?
True
Suppose -9*h + 7*h + 28 = -5*i, 26 = 2*h - 4*i. Suppose -3937 = -22*g - h*g. Is g a prime number?
True
Let r(c) = 10*c**2 + 102*c - 3589. Is r(75) a prime number?
False
Suppose 4*i - 50 = -2*v, 0 = -2*i + 4*i + 3*v - 31. Suppose i*m = -2*m + 41119. Is m composite?
False
Let k be (10/90*33)/(3/9). Suppose -11*i - k*i = -81642. Is i composite?
True
Suppose -2*m = -5*m + g + 48, -4*g - 64 = -4*m. Let o(s) = 4*s**2 + 16*s + m + 0*s**2 - 17*s. Is o(9) composite?
False
Let x = -3761 + 4834. Is x a prime number?
False
Let p(h) = -350*h + 1751. Let i be p(5). Suppose 0 = 4*r + 2742 - 18570. Is -1*(14/(-42))/(i/r) prime?
True
Let w = 1040 + -524. Let t = 1241 + w. Is t composite?
True
Let i be 30/(-45)*(5 + 1). Let x(o) be the first derivative of -35*o**4/4 - 2*o**3/3 + o**2/2 - o + 2. Is x(i) composite?
False
Suppose 4*b + 220 = 2*d + 72, -b = -5*d + 352. Let z = -120 + d. Let g = -4 - z. Is g a prime number?
False
Let h be (210/(-18))/((-2)/6) - -1. Suppose -2*l - n = n - h, -4*n = 5*l - 86. Let u(g) = 82*g + 21. Is u(l) a prime number?
False
Is -2 + -2 + 61 + 98812 a composite number?
False
Let d be (6/(-27) - 12613/(-18))*2. Suppose 3*n + 1081 = 2*g - 1666, g - d = -4*n. Suppose -1215 = -4*k + g. Is k prime?
False
Let z = 179 - 173. Is 5*(-6)/60 + 85065/z a composite number?
False
Let o be (-1)/(-3)*(-1 + 1). Let m(h) = 3*h**2 - 2*h + 3024. Let p be m(o). Suppose 2*u - 3*s = p, -3*u - 2*s + 175 = -4348. Is u prime?
False
Suppose 4*p = 5*j + 1388042, -272*p = -275*p - 5*j + 1040979. Is p composite?
False
Let a(g) be the third derivative of -g**4/8 + g**3/2 - 5*g**2. Let z be a(-2). Let s(y) = 24*y - 5. Is s(z) a composite number?
False
Suppose -21*j + j - 17*j + 2348834 = 0. Is j prime?
False
Suppose -p - 7100 = -6*p. Let k = -981 + p. Is k prime?
True
Let z(i) = -2*i**3 - 10*i**2 - 7*i + 20. Let u(s) = -2*s**3 - 10*s**2 - 8*s + 19. Let q(m) = 2*u(m) - 3*z(m). Let l be q(9). Let r = -652 + l. Is r prime?
False
Suppose 0 = f - g - 3, 2*f + 0*g - 3*g - 4 = 0. Suppose 7*v - 3*v = -f*i + 285, v - 87 = 4*i. Suppose -q + 218 = -v. Is q a composite number?
False
Let t be (3 - 13 - -12)*(-33)/(-2). Is 6/4*33946/t a prime number?
True
Suppose -351*f + 8772 = -348*f. Let m = 33 + f. Is m a composite number?
False
Let f(n) = 11*n**2 + 47*n + 87. Let w(i) = 7*i**2 + 31*i + 58. Let t(a) = 5*f(a) - 7*w(a). Is t(27) a prime number?
True
Suppose 3*h = -m + 1953, -5*h - 370 = 2*m - 4277. Let x = m + -1077. Is x a composite number?
True
Let x = -28578 - -64238. Suppose 2*g = -2*g + x. Is g a composite number?
True
Suppose 5*x + 22 = 42. Let j be (326/x)/(8/16). Let y = j - -1274. Is y composite?
True
Suppose 6*w = 2*w + 8. Suppose -w*x + 3*x - 2 = 0, -1663 = -3*p + 4*x. Suppose 212 = q - p. Is q a composite number?
False
Suppose -93*v = 39*v + v - 107737714. Is v a prime number?
False
Suppose 3*n - c - 2730 = -30492, n + 9254 = c. Let w = -4657 - n. Is w a composite number?
False
Is (-1476)/8*-370 - (17 - 13) a prime number?
True
Is ((-1)/(-5)*-54019)/((-124)/620) a composite number?
True
Let o = 48457 - 25580. Is o a prime number?
True
Suppose 3*r = -4*a + 1849, -5*a = -r - 1622 - 713. Let v = 991 + a. Is v prime?
False
Suppose 2*l - 215981 = 3*w, -4*l - 46684 = 5*w - 478635. Is l prime?
False
Let h = 282 + -276. Suppose h*d - 23034 - 12096 = 0. Is d a prime number?
False
Suppose -3*q + 28 = -4*o, 3*o + 5 = 2. Suppose j = -j + q. Let g(a) = -2*a**3 + 10*a**2 - 4*a - 7. Is g(j) a composite number?
True
Suppose 962*a - 967*a + 3537818 = 3*i, 5*i - 2830231 = -4*a. Is a prime?
False
Let i = -2526 + -757. Suppose -5*u = -3*x - 23050, 0*u - u = -3*x - 4610. Let h = u + i. Is h composite?
False
Let z(k) = -4*k**2 + k + 0*k + 6*k**2 - 7. Let v be z(-13). Suppose v = 2*m - 2*u, 0*u + 823 = 5*m + 2*u. Is m prime?
True
Is (9540/(-15) - 26)*922/(-4) prime?
False
Let r(t) = t - 10. Let w be r(9). Let g be 3 - (w - (-2 + 5 + -5)). Is 9/(-3) + 523*g prime?
False
Suppose 0 = 91*f - 98*f. Let y(v) = v**2 - 8*v + 1371. Is y(f) prime?
False
Suppose 4*b - 284272 = -j, 4*j + 58827 = b - 12258. Is b a composite number?
False
Let h(z) = -z**3 - 13*z**2 + 127*z + 191. Is h(-52) a composite number?
True
Let h(g) = 3775*g**2 - 3*g - 7. Let i be h(-2). Is i/15 - (3 - 17/5) composite?
True
Let z = 76 + -74. Suppose 2*m + 4 = o, 2*m + z*m - 4*o + 8 = 0. Is -79*(-2 + (-4 - -3) - m) a composite number?
False
Suppose 5254609 = 5*j + 45*j + 17*j. Is j a prime number?
True
Let r be (364/(-156))/(2 - 26/12). Suppose -5177 - 20835 = -r*x. Is x a composite number?
True
Let w(g) be the first derivative of -g**4/4 - 32*g**3/3 - 11*g**2 - 175*